pose -g + 70 = 3*i. Let b = 0 + 136. Calculate the greatest common divisor of i and b.
17
Let t = 446 + -303. Let f(w) = w**2 - 9*w + 10. Let d be f(7). Let n be d*(-3)/12*13. Calculate the greatest common divisor of n and t.
13
Suppose -240 = -3*r - 3*r. Calculate the greatest common divisor of 5 and r.
5
Suppose 2*d - 26 = 568. Calculate the greatest common divisor of d and 33.
33
Let w be (-3)/(3/(2 - 56)). What is the greatest common divisor of 81 and w?
27
Suppose -5*p = -17 - 38. Suppose -2*f = -c - 20, f = -0*c + c + p. What is the highest common divisor of 81 and f?
9
Suppose -3*a + 0*w = 5*w - 273, -3*w - 9 = 0. Calculate the greatest common factor of a and 12.
12
Let x be (1/2)/((-1)/20). Suppose -p + 2*p - 6 = 0. Let c be (-4)/x - p/(-10). What is the greatest common divisor of c and 3?
1
Let c = -60 + 99. What is the greatest common divisor of 78 and c?
39
Suppose -3*l + 3*w = 4*w - 68, -w = 5*l - 116. What is the highest common divisor of 72 and l?
24
Let m(i) = 13*i**2 + 15*i - 35. Let u(h) = 3*h**2 + 4*h - 9. Let a(x) = -2*m(x) + 9*u(x). Let v be a(-8). Calculate the greatest common divisor of 5 and v.
5
Let p(y) = -y**3 - y**2 + 19. Let h be p(0). What is the greatest common factor of h and 57?
19
Let b be (8/12 - 2/(-6)) + 16. What is the highest common factor of b and 119?
17
Let u(y) = y**2 - 3*y. Let j be u(4). Calculate the highest common divisor of j and 16.
4
Suppose -5*c + y = -560, -2*y = 2*c + 3*y - 224. Let p = 44 - 30. Calculate the greatest common divisor of c and p.
14
Suppose s + 21 = 4*s. Suppose -4*f = -5*u - 135, 0 = 2*u - 2*f - 2*f + 66. Let b = u + 86. Calculate the highest common divisor of b and s.
7
Let l(k) = 3*k**2 - 11*k - 5. Let v(g) = g**2 - g + 1. Let m(h) = l(h) - 4*v(h). Let r be m(-5). What is the highest common divisor of 8 and r?
1
Let p(z) = -z**2 - 8*z - 5. Let u be p(-7). Suppose 0 = -u*b - 4*v + 34, -5*v - 13 = -b + 25. What is the highest common divisor of 46 and b?
23
Suppose -4*s + 212 = -0*s + 4*z, -4*s + 5*z + 203 = 0. Let k be (6/(-6))/((-1)/13). Calculate the greatest common divisor of k and s.
13
Let j(r) = r**3 - r**2 - r + 8. Let m be j(0). Let v(x) = 6*x - 6. Let b be v(5). Suppose 4*u - 7*u = -b. Calculate the greatest common divisor of m and u.
8
Let j(t) = -t**3 - 8*t**2 + 2*t - 4. Let w be j(-9). Let x be (-3)/(-15) + w/5. What is the highest common divisor of x and 12?
12
Suppose -4*k = 4*i + 28, 10 = -i - k - k. Let x be (i + (0 - 0))*-4. Calculate the greatest common factor of 80 and x.
16
Let j be 8/6 - (-168)/9. What is the greatest common factor of j and 220?
20
Suppose 2*i = -3*a + 3 + 25, 0 = 2*a - i - 14. Let u be (32/(a/(-2)))/(-1). Calculate the highest common divisor of u and 8.
8
Let n = 130 - 78. What is the greatest common factor of 130 and n?
26
Let b(l) = -3 - l**2 + 3*l + 4 - 3. Let v be b(2). Suppose -3*s + 12 + 24 = v. What is the highest common factor of 36 and s?
12
Suppose 0 = w - 3 - 3. Let l = w - -7. Calculate the highest common factor of l and 13.
13
Suppose -144 = -3*r - r. Suppose -3*j = -3*h - 36, -2*j - 5*h = -j + 6. Calculate the greatest common factor of j and r.
9
Let q be (-2 + 1)*(-2 + -13). Suppose -4 - 4 = -2*p. Suppose 5 = x, t - 3*t = p*x - 26. Calculate the highest common divisor of t and q.
3
Let o = 22 - 12. Let b = 17 + -2. Calculate the highest common factor of o and b.
5
Let v be (-2)/(-4) + 298/4. Let h be (-26 - -1)*3/(-5). What is the highest common factor of h and v?
15
Let t be 3 + -29 - (2 - 4). Let l = 39 + t. Suppose 2*q = 5*a + 3*q - 828, -3*q + 9 = 0. Calculate the highest common divisor of l and a.
15
Suppose 0 = -2*f + 6*f + 3*j - 1719, 4*j = f - 425. What is the greatest common factor of 39 and f?
39
Let q = 1 - -7. Suppose 4*r - q = 8. Calculate the greatest common divisor of 1 and r.
1
Let s = -156 + 233. Let o(p) = -p**3 - 2*p**2 + 2*p + 4. Let b be o(-3). Calculate the highest common divisor of b and s.
7
Suppose -4*j - 17 = -5*j. Calculate the highest common divisor of 119 and j.
17
Let d be (-40)/18 - 10/(-45). Let x = d - -7. Let g(z) = z**3 + 5*z**2 - 1. Let s be g(-4). What is the highest common factor of s and x?
5
Let u be 133/2 + (-2)/4. Let k be 1 + (-12)/(-3) + 1. Calculate the greatest common factor of u and k.
6
Suppose -6 = 5*h - 21. What is the greatest common factor of h and 3?
3
Suppose -5*s + 285 = 5. Calculate the highest common factor of 8 and s.
8
Let d = 77 - 53. Calculate the greatest common factor of 6 and d.
6
Let k(m) = -m**3 + 9*m**2 - m + 7. Let d be k(8). Suppose -5*f - 36 = -8*f. Let h = -5 + f. What is the highest common factor of h and d?
7
Let x(f) = -f**3 - 10*f**2 + 21*f - 28. Let n be x(-12). What is the greatest common factor of 56 and n?
8
Suppose 3*y + y = 3*w + 103, -152 = -5*y - 4*w. Suppose -2*x + 1 = 9. Let m be -4 + (2 + -298)/x. What is the highest common factor of m and y?
14
Suppose 4*j = -4*a + 35 + 41, 0 = -a - 2*j + 16. Let v be a/(5/((-15)/(-6))). What is the highest common divisor of 22 and v?
11
Suppose -3*n + 56 = 4*u, -2*n - 2*n + u + 43 = 0. Let w = n - -6. Calculate the greatest common divisor of w and 2.
2
Let q = 28 + -23. What is the greatest common divisor of q and 35?
5
Let h(m) = m**3 - m**2 - m + 90. Let u(w) = w**3 - 5*w**2 - 7*w + 6. Let q be u(6). Let n be h(q). What is the greatest common factor of 36 and n?
18
Suppose 3*o + o = -100. Let y = -21 - o. What is the greatest common divisor of y and 16?
4
Suppose 0 = -3*n + 18 + 9. What is the greatest common factor of 3 and n?
3
Suppose 58 = -v + 371. Suppose 2*s + 79 - v = 0. Let p(r) = 2*r**2 + 3*r - 1. Let k be p(2). What is the highest common factor of k and s?
13
Let u be 0 - (2 + 1)/(-3). Let x be 1*-1*(-2 + 0). Suppose q - 4*r - 31 = 0, -r = x*q - 9 - 8. What is the highest common factor of q and u?
1
Let d(r) = r**3 + 6*r**2 + 4*r - 3. Let g = -11 - -6. Let t be d(g). Suppose 0 = -t*n - 0*n + 20. What is the greatest common divisor of n and 110?
10
Suppose -j - 106 = -2*m, m - 2*j - 50 = -0*m. What is the greatest common divisor of 18 and m?
18
Suppose 5*f + g = -91 + 298, -2*g = -4*f + 174. Let u be -42*(-1)/((-6)/(-3)). Calculate the highest common factor of f and u.
21
Suppose 2*w + 2*r = -4, w - 7*r + 8 = -2*r. Let j be (3/w)/((-2)/132). Suppose -69 = -3*a + j. What is the highest common factor of a and 18?
9
Let o(k) = 12*k**2 - 5*k + 7. Let m be o(-5). Let r be m/5 + 8/(-20). Suppose 0 = 5*t - 10 - 20. Calculate the highest common factor of r and t.
6
Let b(m) = -2*m + 7. Suppose -3*s + 40 = -8*s - p, -25 = 5*s - 2*p. Let y be b(s). Calculate the highest common divisor of 105 and y.
21
Let b = 0 + 39. Let d = 30 + -17. What is the greatest common factor of b and d?
13
Let d be 3*6/(-9) - -6. Suppose 3*h - 9 = -5*l - 4, 0 = -d*l + 2*h + 26. What is the highest common divisor of l and 20?
4
Let v(q) = -2*q**3. Let f be v(-2). Calculate the greatest common factor of 144 and f.
16
Suppose -4*k + 2*k + 107 = -y, -2*k = 3*y - 111. What is the highest common divisor of k and 6?
6
Suppose -3*r + 45 = 3*v, -2*r - 2*v + 15 = -3*v. Calculate the highest common divisor of 25 and r.
5
Let y be ((-140)/(-25))/((-1)/(-10)). Let t = -24 + y. What is the greatest common factor of t and 8?
8
Suppose 0 = -0*j + 2*j - 124. Suppose v + 0*v = j. Let c = 92 - v. Calculate the highest common factor of c and 6.
6
Let l(z) = 3*z**3 + z**2 - 3*z + 4. Let v be l(2). Calculate the greatest common divisor of v and 65.
13
Let h(n) = -n**3 + 5*n**2 + n - 12. Let b be h(3). Calculate the highest common factor of b and 45.
9
Suppose -20 - 4 = 4*u. Let r be (-285)/u - (-3)/6. Calculate the greatest common divisor of 6 and r.
6
Let w = 8 + -12. Let g be w/3*(3 + -9). Calculate the highest common divisor of 24 and g.
8
Suppose -4*q = -16 + 4. Suppose q*l - 4*l + 9 = 0. Let m(a) = a**3 - 22*a**2 + 9. Let i be m(22). Calculate the highest common factor of i and l.
9
Let s(l) = 4*l**3 - l. Let o be s(1). Suppose -d = o*d - 20. Let x be 3/2*(6 + 24). What is the greatest common factor of x and d?
5
Let b(s) = -27*s + 9. Let o(f) = -7*f + 2. Let t(j) = -2*b(j) + 9*o(j). Let v be t(-1). What is the highest common divisor of 1 and v?
1
Let s = -18 + 6. Let w be (-1 + s)*(-12)/12. Calculate the greatest common divisor of w and